333 = -141. Let z be (-53 - -1)*(-4)/4. Suppose 0 = -3*k - 5*q + 81, 5*k = 3*k - 4*q + z. Calculate the greatest common factor of k and h.
16
Let n be (2 - (-10)/(-4))*-132. What is the highest common divisor of 6 and n?
6
Suppose -3*c + 403 = 2*l - 108, -3*c + 512 = l. Calculate the greatest common divisor of 19 and c.
19
Let h be -9*(0 + (-15)/9). Suppose 4*t - 15 = 4*k + 5, -3*k = -4*t + 17. Let x(z) = 69*z - 3. Let v be x(t). Calculate the greatest common divisor of h and v.
15
Suppose 4*f - 24 = 12. What is the greatest common factor of f and 18?
9
Suppose 257 = 3*n + 32. Suppose -9*g + 4*g = -n. What is the greatest common factor of g and 60?
15
Let z(r) = 2*r**2 - 3*r + 1. Let n be z(3). What is the highest common divisor of n and 2?
2
Suppose -5*g + 2*a = -412, 5*g - 16*a + 11*a = 400. Suppose 0 = 5*o + 5*z - 95, 2*o + 2*z = 3*o - 25. Calculate the highest common factor of o and g.
21
Suppose 0*l - 5 = -l. Let z = l + 0. Calculate the greatest common divisor of z and 2.
1
Let c be (-2)/(-2)*-1*21. Let o = c + 30. Suppose 0 = -5*h - 3*y - o + 30, -5*h + 4*y + 42 = 0. Calculate the highest common factor of h and 54.
6
Suppose 0 = 4*x - 0*y + 5*y - 292, -5*x = -4*y - 406. Suppose 13*j - 880 + 204 = 0. Calculate the greatest common divisor of x and j.
26
Let l be 80*(1 + 2/10). Let k(d) = -d**3 - 4*d**2 - 3*d. Let u be k(-4). Calculate the highest common factor of u and l.
12
Let d = 49 - 31. Let o = 14 - 8. Calculate the greatest common factor of d and o.
6
Suppose p = -4*p + 30. Let r = 14 + p. Calculate the greatest common factor of r and 8.
4
Let m(l) = -3*l + 3. Let p be m(-7). Suppose 7*z - 33 = 23. Calculate the highest common factor of p and z.
8
Suppose 544 = -0*z + 5*z - 3*q, 4*z = q + 438. Calculate the greatest common divisor of 22 and z.
22
Let d be 1 + 3 + 4 + 24. Calculate the greatest common divisor of 16 and d.
16
Let b(y) = y**2 - 6*y + 1. Let n be b(6). Suppose 0 = 3*l + 14 - 20. What is the greatest common factor of n and l?
1
Suppose -5*h + 1140 = -h. Let f(b) = 53*b**2 - 2*b + 5. Let g be f(4). Suppose 5*q + h = g. What is the greatest common factor of 14 and q?
14
Suppose a - 522 = -3*j - 178, -1704 = -5*a + j. What is the highest common factor of 31 and a?
31
Let g be -2 - (-3)/(6/8). Let u(r) = 1 + 8*r**2 - 5 + 1 + 4 + r**3. Let d be u(-8). Calculate the highest common divisor of d and g.
1
Suppose u = -u + 30. Suppose 3*n - 63 - 36 = 0. Let z = u + n. What is the highest common divisor of 6 and z?
6
Let p(v) = -v**3 + 7*v**2 + v - 5. Let k be p(7). Let h(c) = 3*c - k*c**2 + 3*c + 4*c**2 - 5. Let l be h(-5). What is the greatest common divisor of l and 3?
3
Let t(d) be the second derivative of 7*d**4/6 - 2*d**3/3 + 3*d**2/2 - 3*d. Let b = -5 - -7. Let z be t(b). Calculate the highest common factor of 17 and z.
17
Let m(u) = -u**3 + 4*u**2 + u + 5. Let o be m(4). Let p be ((-11)/1)/(o/(-144)). Calculate the greatest common divisor of p and 22.
22
Suppose -3*s + 3*q = 7*q - 33, -2 = s - 3*q. What is the greatest common factor of s and 56?
7
Suppose 0 = -2*m - 2*m. Suppose s + 16 + 29 = m. Let t = s - -66. Calculate the greatest common factor of 14 and t.
7
Let p(a) = -8*a + 2. Suppose 3*y = 4*y + 3. Let w be p(y). What is the highest common factor of 39 and w?
13
Suppose -3*a + 1 + 2 = r, -4*r = -5*a - 97. Let v be 12*((-18)/(-8))/3. What is the greatest common factor of r and v?
9
Let k be ((-3)/(-1))/(-3) + -5. Let f = 12 + k. What is the greatest common factor of f and 60?
6
Suppose 5*q - 3*n = -5*n - 56, -5*q - 44 = -2*n. Let i = q + 16. Calculate the greatest common factor of 3 and i.
3
Let f(k) = 11*k**2 - 1. Let w be f(-1). Calculate the highest common factor of w and 50.
10
Let t = -159 + 94. Let d = t - -281. Suppose 0*j + 3*j = d. What is the greatest common divisor of j and 9?
9
Suppose -2*v + 39 = -81. What is the highest common factor of 48 and v?
12
Let h(c) = c**3 + c**2 + 11. Let o be h(0). Let x be 2/(-2)*1 - -45. Calculate the highest common factor of x and o.
11
Suppose 42*p - 40*p - 20 = 0. Calculate the greatest common divisor of 10 and p.
10
Let i(x) = -x + 7. Let v be (-3 - 0) + 3 - -4. Let q be i(v). Calculate the greatest common factor of 6 and q.
3
Suppose 3*a - 2*a - 49 = 0. Calculate the greatest common factor of 7 and a.
7
Let j = 0 + 1. Let m be j/(2 + (-117)/60). What is the greatest common factor of m and 5?
5
Suppose 0 = o - 5*v - 10, v + 4 - 3 = 0. Calculate the greatest common divisor of 5 and o.
5
Let c = 2 + -5. Let l be 84/10 + c/(-5). Calculate the highest common divisor of 99 and l.
9
Let c be 2/(-6) - 273/(-9). Suppose -2*f - 4*f = -270. What is the greatest common factor of c and f?
15
Let p(c) = -c**2 + 4*c - 1. Let l be p(1). Let g be (l/3)/(1/36). What is the highest common divisor of g and 8?
8
Suppose 0*u + 4*u + 60 = 0. Let b be (-384)/u + 4/10. Calculate the greatest common divisor of b and 65.
13
Let s = -26 - -41. What is the highest common factor of s and 135?
15
Suppose -u + 9 = y, 7*y - 2*y + u - 65 = 0. Calculate the greatest common factor of 2 and y.
2
Let z be (52/8)/(1/14). What is the greatest common factor of 13 and z?
13
Let l(t) = -2*t - 9. Let k be l(-7). Suppose -2*c = -k*c + 15. Let f = -80 - -120. What is the greatest common divisor of f and c?
5
Suppose -80 = -5*o + 5*d, -o - d - 8 = 4*d. Let b(w) = w**2 + 2*w + 4. Let i be b(-3). Let y = 115 - i. Calculate the greatest common divisor of y and o.
12
Let s = -17 + 25. Let f(n) = -n + 17. Let g be f(s). Calculate the greatest common divisor of g and 99.
9
Let j(d) be the second derivative of 5*d**3/2 - d**2/2 - 3*d. Let y be j(7). What is the highest common divisor of 13 and y?
13
Let k be (-4)/22 + 606/66. Suppose 3*t = 109 + 26. Calculate the greatest common factor of t and k.
9
Suppose -a - 23 = -94. Suppose -4*i + a = -0*i - m, 0 = 3*i + m - 55. Calculate the highest common divisor of i and 6.
6
Suppose -p - p - 2*k + 34 = 0, 2*p = -3*k + 29. What is the highest common factor of 66 and p?
22
Suppose 5 + 11 = -4*c. Let l = 8 + c. Let n be (l/(-2))/((-4)/30). Calculate the greatest common divisor of n and 165.
15
Let z = 71 - -39. Let d = -22 - -32. What is the highest common divisor of z and d?
10
Suppose 3 = -2*q + 3*q. Suppose q = -u, 3*u + 321 = 3*f + 4*u. Suppose 2*z - 14 = -2*c, 4*z = 5*c + 90 - 17. What is the highest common divisor of z and f?
12
Let w be (-8)/(-12) - 11318/3. Let c be w/(-28) + (-4)/(-14). Let s = 243 - c. Calculate the highest common factor of 12 and s.
12
Let r(f) be the second derivative of -3/2*f**2 + 0 - 17/3*f**3 + 2*f. Let s be r(-3). Calculate the highest common divisor of s and 9.
9
Suppose -u + 3*u = 3*m - 25, -2*m + 19 = u. What is the greatest common divisor of 9 and m?
9
Let y = 135 - 83. What is the greatest common divisor of 104 and y?
52
Suppose 2*h + 0*z = -2*z + 220, 3*h - 3*z - 330 = 0. Let q(u) = u**3 + 10*u**2 - 13*u - 12. Let v be q(-11). Calculate the highest common factor of v and h.
10
Let d(k) = k**2 + 2*k + 2. Let u be d(-3). Suppose p + 2*y + 6 = -2*y, -3*p + y = -8. What is the highest common factor of u and p?
1
Suppose 7*l = 3*l + 104. What is the greatest common divisor of l and 65?
13
Let v(m) = -m**3 - 4*m**2 + m + 1. Let s be v(-4). Let k be 12/(s + (-69)/(-22)). Calculate the greatest common factor of k and 11.
11
Let c = -29 - -77. What is the highest common factor of 32 and c?
16
Let y(m) = m**3 + m**2 - 3*m - 2. Let o be y(-2). Suppose o = -5*a + 2*a + 12. Calculate the highest common divisor of a and 36.
4
Suppose -2*i = -s - 74, 0*s - 2*i + 278 = -4*s. Let j be s/(-6) - 18/(-27). What is the highest common divisor of 84 and j?
12
Let g(w) = -4*w**2 + 7*w + 9. Let r(v) = 3*v**2 - 6*v - 8. Let s(a) = -6*g(a) - 7*r(a). Let t be s(2). Calculate the greatest common divisor of 2 and t.
2
Suppose -4*o - 2 = -6*o. What is the highest common divisor of 1 and o?
1
Suppose 5*d + 3*j = 189, 5*j - 4*j - 39 = -d. Calculate the highest common factor of d and 24.
12
Let z be (-1)/(-1) - (1 - 18). Let c(j) = 3*j**3 - 4*j**2 - 2*j + 1. Let a be c(-2). Let i be 72/10*a/(-2). What is the greatest common factor of z and i?
18
Suppose -3 = 3*z, 0 = -x + 2*x + 5*z - 118. What is the greatest common divisor of 82 and x?
41
Let w(m) = -m**3 - 11*m**2 + 11